be z(g). Suppose w - 33 = -5*k, 4*w - 3*k - k - o = 0. Is w a multiple of 9?
True
Suppose -5*y - 5*k - 13 = -3, 0 = 5*y - 4*k + 28. Let h = -17 + 6. Let u = y - h. Is u a multiple of 7?
True
Suppose 5*r - 528 = 32. Is r a multiple of 5?
False
Let q be (-6)/4*(-196)/6. Suppose -2*o + 162 = -4*t, 0 = 4*t + o + q + 128. Let f = t + 63. Does 20 divide f?
True
Let c = -4 - -3. Let y be 12/(-9) + c/(-3). Does 17 divide (-2 - y) + (15 - -3)?
True
Suppose -3*i = -2*y + y - 152, y = 5*i - 256. Is i a multiple of 21?
False
Let b = 14 - 4. Suppose 0 = -j - 1 + b. Is 3 a factor of j?
True
Let j(h) = h**2 - 13*h + 22. Let w be j(10). Does 2 divide (-6)/w*(-56)/(-21)?
True
Let h = -146 + 257. Does 30 divide h?
False
Suppose -4*q + 6 = -3*g + 24, -2 = 5*g + 4*q. Let u = g + 0. Suppose -4*y = 12, -u*y = -3*p + 2*p + 16. Is 6 a factor of p?
False
Let s be -4*((-2)/8 + 2). Let c = -1 + -3. Let z = c - s. Is z a multiple of 2?
False
Suppose 6*g = g + 50. Does 8 divide (-15)/(-25) + 74/g?
True
Is (38/(-3))/((-24)/180) a multiple of 12?
False
Suppose 7*v = 12*v + 5*d - 1315, 5*v - 5*d - 1295 = 0. Is v a multiple of 54?
False
Let x be (5 - (-2 + 2)) + 0. Let r = -3 + x. Is -2 - -4 - (-41 - r) a multiple of 15?
True
Suppose -r - 2*o + 243 = -0*r, 5*o = -3*r + 727. Does 58 divide r?
False
Let u be 112 - (4 + -3 + -3). Let b = u + -66. Is 24 a factor of b?
True
Let s = -15 + 63. Suppose -4*a + s = -56. Does 7 divide a?
False
Suppose 9 = o - 3*b, 5*o + 1 = -2*b + 12. Suppose 3*v + o = 18. Suppose 2*x = 43 + v. Does 8 divide x?
True
Let h(q) = 14*q - 1. Let o be h(7). Is 12 a factor of (-2)/8 + o/4?
True
Suppose 0 = -u + 16 + 17. Does 11 divide u?
True
Let j be (6/4)/((-3)/(-4)). Suppose 0*t - j*t + 12 = 0. Is t a multiple of 2?
True
Suppose -o - 4*c = -0*c + 14, c = -o + 1. Suppose y - o + 1 = 0. Suppose -y*l - 5*t + 280 = 0, 5*l + t = 150 + 118. Does 18 divide l?
False
Let p = 26 + 52. Is 20 a factor of p?
False
Let j be (3/6)/((-1)/40). Let y = 60 + j. Is y a multiple of 17?
False
Let r = 2 - 5. Let l be 1/(-4) + 125/4. Let x = r + l. Is 14 a factor of x?
True
Suppose 0 = 2*y - 8 + 2, 2*g + 3*y = 13. Let u be g/(6/15) + -1. Suppose -3*v - u*k + 104 = v, -5*k - 20 = 0. Does 14 divide v?
False
Suppose -4*i + 5*o = -2*i - 31, -i - o + 5 = 0. Let m = i - -19. Does 9 divide m?
True
Suppose 5*s = 4*s + 2. Suppose s*m - 44 = -3*x, -3*m - 2*m + 136 = x. Is 14 a factor of m?
True
Let k be ((-2)/6)/((-4)/24). Does 3 divide (-44)/(-10) + k/(-5)?
False
Let l = -29 - -101. Suppose 5*d = d + l. Is d a multiple of 8?
False
Let g(x) be the first derivative of -x**4/4 + 9*x - 2. Let t be g(0). Suppose -5 = -i + t. Is 7 a factor of i?
True
Let v = 17 + -24. Let y(l) = -l**3 - 7*l**2 - l - 5. Let t be y(v). Suppose -5 = -c - t. Does 3 divide c?
True
Let l(p) = -p**3 + 5*p**2 + 5*p + 8. Let i be l(6). Let m be 33/(-7) + i/(-7). Let k = 15 + m. Is k a multiple of 10?
True
Suppose -2*i - 5*q - 2 = -1, 5*i + 2*q + 34 = 0. Is 3 a factor of 1/(-2)*(i - 14)?
False
Let o = 20 - 17. Is o a multiple of 3?
True
Let r(o) = o**2 + 2*o - 3. Let a be r(2). Suppose c = -2*c - 5*m + 38, -5*m - 50 = -a*c. Is c a multiple of 11?
True
Let o be (2 + -3)/((-2)/20). Is (432/40)/(2/o) a multiple of 16?
False
Suppose -3*f = -1 + 7. Let r be (-1)/f - 202/(-4). Suppose 3*m - 7*m + r = -n, 2*m - 33 = -n. Does 14 divide m?
True
Let n be (-1 - -1)/(1/(-1)). Let c = -47 - -111. Suppose -5*w + 4*g + 89 = n, c = 7*w - 3*w + 4*g. Is 6 a factor of w?
False
Let h(i) = -2*i**2 + 14*i + 16. Is 4 a factor of h(7)?
True
Suppose -2*f - i + 64 = 0, -8*f + 3*f + 5*i + 130 = 0. Does 8 divide (-36)/((f/4)/(-5))?
True
Does 3 divide 4/(-26) + (-164)/(-52)?
True
Let r = 6 - 8. Let p be 29 - (r - (2 - 4)). Let w = p - 9. Is w a multiple of 10?
True
Let w be -2 - (-5)/(15/(-6)). Let g = w + 10. Suppose -g*m + 11*m - 180 = 0. Is 12 a factor of m?
True
Suppose -3*c + 6 = 0, -9 = -5*v - 3*c + 17. Suppose v*u - 172 = -5*h - 11, -3*h = u - 49. Does 10 divide u?
False
Let n(y) = -4*y - 14. Let w be n(-10). Let k = w - -13. Is 11 a factor of k?
False
Suppose 4*z = -4*w + 17 - 49, 5*z - w = -46. Let p = z - -20. Is 3 a factor of p?
False
Suppose -2*h + 59 = -1. Is 10 a factor of h?
True
Let s(c) = c**3 + 5*c**2 - 8*c + 5. Is 6 a factor of s(-6)?
False
Suppose -17 - 1 = -3*y + 2*k, 2*k = -3*y + 6. Suppose 159 = 3*w + 3*g, -3*w + y*g = 2*g - 149. Is w a multiple of 13?
False
Let o = -3 - -23. Is 10 a factor of o?
True
Let d be 2/6 + (-69)/(-9). Suppose 32 = 5*o - d. Is o a multiple of 7?
False
Let a = -4 + 8. Suppose -a*t = 5*i - 133, -t - 6 + 34 = -4*i. Does 17 divide t?
False
Let r = -126 - -186. Does 10 divide r?
True
Suppose -i + 10 = -0*i - 4*r, -3*i = -5*r - 2. Let v(l) be the first derivative of -l**3/3 - 9*l**2/2 + 6*l - 2. Does 12 divide v(i)?
True
Suppose -3*d = 2*d + h - 10, -6 = -3*d - 5*h. Let g(z) = -7*z - 1. Let y be g(-1). Suppose y = t - 2*n - 3*n, d*n = -t + 13. Is t a multiple of 7?
False
Let o(t) = -t**3 + 10*t**2 - 9*t - 2. Let r be o(9). Is 10 a factor of 13/(-1 - r) - 1?
False
Let b = -99 - -131. Is 8 a factor of b?
True
Does 12 divide (133/21 + 0)/((-1)/(-3))?
False
Suppose -h + 48 = -40. Is 28 a factor of h?
False
Let y(k) = k**3 - 3*k**2 - 4*k + 4. Let a be y(4). Suppose -100 + 508 = a*w. Let v = w + -20. Does 28 divide v?
False
Suppose -7*i + 3*i + 12 = 0. Suppose 5*x - 385 = 4*a, 4*a + 194 = i*x - 29. Is 27 a factor of x?
True
Let u(k) = 2*k**2 - 3. Let h(a) = 3*a + 3. Let s be h(-2). Does 15 divide u(s)?
True
Let s(u) = -u**3 - 4*u**2. Let j be s(-3). Let f be j/12 - 54/(-8). Suppose -n + 54 = 4*d, -75 = -f*d + d - 5*n. Does 13 divide d?
True
Let v be 131/(4 + -8 - -5). Let s = v - 83. Is s a multiple of 8?
True
Suppose -37*c - 270 = -39*c. Is c a multiple of 10?
False
Let a(x) = 64*x**3 - x**2 + x - 1. Let s = 4 - 4. Suppose s = 2*t - 2 - 0. Is 21 a factor of a(t)?
True
Suppose 4*l - 13 = 31. Let g = l - 1. Is 10 a factor of g?
True
Let t(m) = 2*m - 2*m**2 + 7 - m**2 + 2*m**2. Let n be t(5). Is 3 a factor of (-2)/n - 81/(-12)?
False
Let z = 59 + -1. Is 12 a factor of z?
False
Suppose -c = 4*z - 21, 0 = -5*c + 3*z + 2*z + 5. Suppose f - c*w + w = 18, -4 = 4*w. Does 6 divide f?
False
Let p(m) be the second derivative of m**5/20 - m**4/6 + m**3/2 + 3*m**2/2 + 2*m. Let a be p(4). Let b = a - 31. Is 8 a factor of b?
True
Let p be 49 + 2*6/4. Suppose -n - n - p = -2*v, 2*n - 2 = 0. Is 12 a factor of v?
False
Let d(r) = -5*r + 1. Is 2 a factor of d(-4)?
False
Let y(d) = -d**3 - 6*d**2 - 4*d + 4. Let m be y(-6). Suppose 6*o = 7*o - m. Does 14 divide o?
True
Suppose -1 = 3*c + 5, 0 = 3*i - 2*c - 25. Is 4/14 + 124/i a multiple of 9?
True
Let d = -33 - -75. Is 14 a factor of d?
True
Let y be 8 + 1/(-2)*2. Let m = y + -10. Is m/(7/(-3) + 2) a multiple of 9?
True
Is 12 a factor of (-3 - -3) + 12*3?
True
Let r(u) = 5 + 0*u + 3 + u. Let b be r(6). Suppose -3*p + 92 - b = 0. Does 16 divide p?
False
Let i(q) = -q**3 - 3*q**2 - q + 3. Let t be i(-3). Let o = -1 + t. Suppose -o*r + 3*r + 3*m = -34, -4 = -2*m. Does 11 divide r?
False
Let j = -52 - -74. Let r = -7 + j. Is 15 a factor of r?
True
Let o(g) = -g**3 + 13*g**2 - 12*g + 6. Is 29 a factor of o(11)?
True
Suppose -5*m = -303 - 22. Is 7 a factor of m?
False
Suppose 0 = -4*k - k, 0 = -2*z - 5*k. Let u be (2 - 8)*6/(-4). Suppose z = s - 11 - u. Is 10 a factor of s?
True
Let f(c) = -c**3 - c**2 + 4*c. Let l be f(-3). Let u be 2/(-3) + 4/6. Suppose 3*b - l*b + 36 = u. Does 12 divide b?
True
Suppose -3*o + 13 = -188. Let g = -46 + o. Is 7 a factor of g?
True
Let r(y) = y**3 - 5*y**2 + 4*y + 2. Let j be r(4). Suppose -j = v - 18. Is v a multiple of 16?
True
Suppose -38 = -4*x + 6. Let q = -1 + x. Does 4 divide q?
False
Let h(p) = -p**3 + 7*p**2 - 10*p + 9. Let d be h(6). Let f be -5*((-36)/d - 2). Is (-1)/(f/(1 + 45)) a multiple of 15?
False
Let u = 3 - -7. Suppose -u - 6 = -2*x. Does 8 divide x?
True
Suppose -2*j - 14 = -4*j. Is j even?
False
Let n be 1 + -11 + -2 + -1. Let g = -9 - n. Suppose g*u = 2*u + 26. Does 5 divide u?
False
Let t = 1 + 1. Let s be ((-2)/4 - t)*-6. Let a = s - -22. Is 17 a factor of a?
False
Suppose 4*m - 4 = -0. Suppose -4*d = -3*t - 5, t = -6*d + 2*d + 9. Let l = m + d. Is l a multiple of 3?
True
Let i be -1 + 16 + 0 + -3. Does 3 divide (-51)/(-21) + i/2